
Let r(d) = d**2 + 7*d - 1. Calculate r(-7).
-1
Let n(x) = x**3 - 5*x**2 - 4*x - 6. Determine n(6).
6
Let l(r) = 3*r + 24. What is l(-12)?
-12
Let g(d) = -2*d**3 - 7*d**2 - 4*d + 1. Calculate g(-5).
96
Let t(v) = -8*v**3 + 2*v**2 + 3*v + 1. Calculate t(-1).
8
Let r(x) = x + 37. Give r(7).
44
Let r(o) = -2*o**2 + 6. Calculate r(3).
-12
Let y(v) = -2*v**3 + 3*v**2 + 3*v. Calculate y(3).
-18
Let l(s) = 3*s - 34. Determine l(-10).
-64
Let v(b) = b**2 - 4*b. Determine v(-4).
32
Let f(v) = -v**3 - 11*v**2 - 10*v + 3. What is f(-10)?
3
Let t(v) = -71*v - 205. Calculate t(-3).
8
Let u(c) = c + 1. Give u(-5).
-4
Let z(k) = -3*k + 25. Determine z(10).
-5
Let y(w) = -w**3 - 5*w**2 - w + 3. Give y(-4).
-9
Let x(t) = -t**3 + t**2 - t + 4. Give x(0).
4
Let n(s) = s**2 + 2*s - 6. Give n(4).
18
Let a(d) = -4*d**2 + 46*d - 14. Calculate a(11).
8
Let f(l) = -2*l + 14. Give f(7).
0
Let q(w) = 15*w**2 + 176*w - 26. Give q(-12).
22
Let x(b) = -3*b**3 + 26*b**2 - 10*b - 14. Calculate x(8).
34
Let h(i) = i**2 - 18*i - 598. What is h(35)?
-3
Let u(c) = c**2 - 3*c - 8. Determine u(-3).
10
Let z(o) = 4*o - 28. Determine z(18).
44
Let u(p) = 4*p + 165. Determine u(-36).
21
Let h(m) = -16*m - 150. Give h(-9).
-6
Let v(i) = 21*i + 196. Calculate v(-14).
-98
Let i(d) = 11*d**2 + 56*d + 9. What is i(-5)?
4
Let j(s) = s**3 - 11*s**2 + 23*s + 18. What is j(8)?
10
Let a(q) = q - 2. Give a(-5).
-7
Let c(f) = -2*f**3 + 21*f**2 - 42*f - 6. Give c(3).
3
Let f(o) = -o**2 + 6*o - 7. Determine f(6).
-7
Let r(j) = -j**3 + 14*j**2 + 6*j - 86. Give r(14).
-2
Let y(x) = -x**2 - 9*x + 4. What is y(-8)?
12
Let y(n) = 2*n**2 - 9*n - 16. Determine y(9).
65
Let l(p) = -68*p + 203. Determine l(3).
-1
Let v(l) = 10*l**2 + 1. Calculate v(1).
11
Let q(g) = g**2 - 15*g + 9. What is q(5)?
-41
Let t(d) = -2*d + 11. Calculate t(4).
3
Let h(u) = u**2 - 6*u + 8. Give h(10).
48
Let d(x) = -7*x + 17. What is d(-1)?
24
Let x(t) = t - 8. Calculate x(12).
4
Let t(x) = -10*x**2 - 2*x + 1. Calculate t(1).
-11
Let q(r) = r**2 + 18*r + 18. What is q(-15)?
-27
Let o(h) = 47*h**2 - h. Calculate o(1).
46
Let n(l) = -l**3 - 14*l**2 + 2*l + 23. Give n(-14).
-5
Let g(d) = -3*d**3 - 4*d**2 + 3*d - 1. Determine g(1).
-5
Let t(w) = -2*w**2 + 34*w - 19. What is t(17)?
-19
Let h(b) = -b**2 + 13*b - 7. Give h(9).
29
Let c(m) = 21*m - 12. Give c(7).
135
Let u(q) = 9*q**3 + q**2 - 3*q + 2. Give u(1).
9
Let n(g) = -g**3 - 24*g**2 - 22*g + 1. Calculate n(-23).
-22
Let h(v) = v**3 - 9*v**2 + 9*v - 20. Determine h(8).
-12
Let p(l) = 7*l + 191. Calculate p(-35).
-54
Let z(y) = -y**2 + 15*y + 5. Calculate z(5).
55
Let y(a) = -a**2 + 50*a - 231. Determine y(5).
-6
Let p(o) = -o**3 + 6*o**2 - 7*o - 4. Give p(4).
0
Let t(y) = y**3 - 10*y**2 + 3*y - 9. What is t(10)?
21
Let c(r) = -2*r + 3. Calculate c(5).
-7
Let q(f) = -f**2 + 2*f - 3. Calculate q(4).
-11
Let u(p) = p**3 + 11*p**2 + 3*p + 9. Determine u(-11).
-24
Let u(n) = -n**3 + 5*n**2 + 7*n - 51. Determine u(4).
-7
Let x(i) = 5*i + 32. What is x(-8)?
-8
Let h(k) = -3*k**3 - 27*k**2 - 2. Give h(-9).
-2
Let d(q) = -3*q**2 - q - 2. What is d(-3)?
-26
Let a(c) = -3*c - 59. Give a(-5).
-44
Let l(u) = u**3 + 15*u**2 + 34*u + 4. Determine l(-12).
28
Let c(s) = -s**2 + 15*s - 50. Give c(5).
0
Let g(m) = 10*m**2 - 3*m + 2. Calculate g(1).
9
Let q(a) = -a**2 + 10*a + 2. What is q(10)?
2
Let q(n) = n**3 - 5*n**2 - 4*n - 8. Determine q(6).
4
Let p(h) = h**2 - 16*h + 33. Determine p(14).
5
Let b(y) = 3*y - 48. Calculate b(12).
-12
Let h(x) = -x**3 - 6*x**2 - 8*x - 6. Calculate h(-6).
42
Let c(x) = x + 8. Give c(-9).
-1
Let b(a) = 3*a + 44. Determine b(-10).
14
Let x(o) = -o**2 - 4*o + 8. Determine x(-6).
-4
Let j(f) = f**2 - 2*f + 6. What is j(4)?
14
Let y(v) = v**2 + 8*v - 13. Determine y(-9).
-4
Let d(h) = -h**3 + 8*h**2 - 12*h + 27. Calculate d(6).
27
Let u(n) = -2*n**2 + 12*n - 11. Give u(3).
7
Let g(a) = -a**2 - 2*a + 22. Calculate g(-7).
-13
Let j(b) = -b - 2. Calculate j(-17).
15
Let p(h) = 4*h - 5. What is p(-5)?
-25
Let n(v) = 4*v - 11. Calculate n(6).
13
Let w(n) = 2*n**2 + 5*n + 7. What is w(-3)?
10
Let x(d) = 8*d**3 - d**2 + 2*d - 2. What is x(1)?
7
Let c(h) = h**2 - 21*h + 5. Calculate c(21).
5
Let f(g) = 8*g + 72. Determine f(0).
72
Let l(k) = k**2 + 17*k - 17. Calculate l(-17).
-17
Let r(o) = -o**3 + 19*o**2 - 78*o - 3. Calculate r(13).
-3
Let v(d) = 2*d + 2. What is v(-10)?
-18
Let w(z) = z**3 - 5*z**2 + 7*z - 1. Give w(4).
11
Let b(g) = 34*g - 300. What is b(9)?
6
Let j(q) = 2*q - 31. Determine j(29).
27
Let b(c) = -52*c**3 + 207*c**2 + 5*c + 4. Give b(4).
8
Let s(q) = -q**3 - 44*q**2 - 87*q - 138. Calculate s(-42).
-12
Let m(u) = u**2 + 10*u + 10. Calculate m(-7).
-11
Let z(f) = 17*f + 339. Calculate z(-20).
-1
Let d(v) = -v**3 + 18*v**2 - 29*v - 31. Determine d(16).
17
Let y(w) = -w**3 + 9*w**2 - 5*w - 20. What is y(8)?
4
Let y(s) = -11*s + 9. Calculate y(0).
9
Let l(b) = b**3 - 2*b**2 - 3*b - 4. Give l(3).
-4
Let p(d) = -d**2 - 2*d - 4. What is p(-6)?
-28
Let c(m) = -m**2 - 1. Give c(-5).
-26
Let g(p) = p - 18. Give g(25).
7
Let c(l) = -5*l + 19. Determine c(5).
-6
Let p(g) = -66*g**3 - 2*g**2 + 2*g + 3. Give p(-1).
65
Let p(d) = -4*d + 52. Determine p(12).
4
Let f(w) = -14*w + 10. Calculate f(2).
-18
Let t(r) = 7*r - 21. Determine t(-6).
-63
Let k(w) = w**3 + 4*w**2 + 7*w + 15. Give k(-4).
-13
Let g(b) = b**3 - 26*b**2 + 2*b - 60. What is g(26)?
-8
Let x(o) = o**2 - 2*o + 2. What is x(-7)?
65
Let b(m) = -101*m - 416. Determine b(-4).
-12
Let w(m) = -m**2 + 7*m - 4. Determine w(4).
8
Let q(p) = p**2 + 6*p + 2. Give q(-4).
-6
Let v(z) = -7*z - 50. Calculate v(-8).
6
Let w(g) = 11*g - 4. Give w(-4).
-48
Let w(a) = a**2 - 10*a + 20. Determine w(14).
76
Let g(u) = -u**3 - 7*u**2 + u. Determine g(-7).
-7
Let p(r) = r**2 + 23*r + 32. Determine p(-21).
-10
Let c(w) = w**3 + 8*w**2 + 8*w - 5. What is c(-6)?
19
Let p(x) = -2*x + 77. Determine p(46).
-15
Let i(u) = -u + 12. Give i(6).
6
Let z(x) = -x**3 - 13*x**2 - 7*x + 7. Determine z(-13).
98
Let p(v) = 2*v - 18. Give p(15).
12
Let y(o) = -o**3 + 15*o**2 + 30*o - 235. Calculate y(16).
-11
Let f(s) = -2*s - 6. Give f(-5).
4
Let b(c) = -c. What is b(3)?
-3
Let s(j) = -2*j**2 - 2*j - 4. Calculate s(-2).
-8
Let h(c) = -c**2 + 25. Give h(-5).
0
Let x(y) = y**2 - 18*y + 36. Give x(15).
-9
Let u(x) = x**3 - 22*x**2 + 21*x - 46. Determine u(21).
-46
Let a(m) = -9*m**2 + 3*m + 2. Give a(-1).
-10
Let u(r) = -r**2 - 119*r + 361. Give u(3).
-5
Let f(y) = -y**2 + 19*y + 4. Determine f(19).
4
Let d(r) = -r**3 + 5*r**2 - 4*r + 5. Determine d(4).
5
Let r(o) = -o**2 - 16*o + 39. Give r(-20).
-41
Let t(s) = s + 3. Calculate t(10).
13
Let s(g) = -g**2 - 5*g + 9. Determine s(3).
-15
Let u(o) = 11*o - 38. Determine u(3).
-5
Let h(j) = -j**2 + 5*j + 1. What is h(3)?
7
Let t(g) = -g**2 + 7*g - 10. What is t(6)?
-4
Let u(n) = 57*n**3 + 3*n**2 + 4*n. What is u(-1)?
-58
Let t(c) = -5*c - 186. What is t(-36)?
-6
Let s(h) = 3*h - 7. Give s(-3).
-16
Let i(l) = -8*l + 20. Calculate i(-14).
132
Let f(g) = -g**3 - 7*g**2 - 2*g - 7. Give f(-7).
7
Let c(j) = -3*j**2 - 2*j + 2. Give c(2).
-14
Let p(n) = 12*n - 7. What is p(-2)?
-31
Let s(y) = -y**3 + 20*y**2 - 34*y - 41. Give s(18).
-5
Let x(m) = -4*m**2 + 21*m. Calculate x(5).
5
Let t(q) = -47*q - 6. Calculate t(-2).
88
Let x(s) = -4*s - 76. Calculate x(-22).
12
Let d(t) = -3*t + 1. Calculate d(-1).
4
Let n(h) = 33*h + 293. What is n(-9)?
-4
Let t(l) = -l**2 - 5*l + 2. Give t(-3).
8
Let q(c) = 2*c**2 - 37*c + 27. Calculate q(18).
9
Let u(a) = -a**2 + 2*a - 2. Give u(-3).
-17
Let q(f) = 2*f**2 + 16*f + 16. Give q(-5).
-14
Let g(y) = -14*y - 244. What is g(-18)?
8
Let p(s) = s**3 - 12*s**2 + 13*s - 25. Give p(11).
-3
Let m(s) = s + 3. What is m(-5)?
-2
Let m(q) = 95*q - 378. Give m(4).
2
Let x(o) = -o - 19. What is x(-8)?
-11
Let d(t) = t**3 + 44*t**2 - 189*t + 143. Calculate d(-48).
-1
Let o(u) = -4*u + 15. Calculate o(4).
-1
Let j(t) = t**3 - 11*t**2 + 5*t + 5. Give j(6).
-145
Let m(z) = -4*z + 33. What is m(5)?
13
Let y(k) = 5*k + 3. Calculate y(-7).
-32
Let m(o) = -o**2 + 10*o + 5. Determine m(10).
5
Let d(c) = c + 39. Give d(-16).
23
Let m(d) = -10*d**2 - 17*d + 3. Give m(-2).
-3
Let p(g) = -g**2 - g - 5. What is p(-4)?
-17
Let s(d) = -d. Give s(1).
-1
Let r(g) = g**2 - 14*g + 6. Determine r(9).
-39
Let s(